 the prime factors of 3178.
2, 7, 227
What are the prime factors of 13333?
67, 199
What are the prime factors of 1743?
3, 7, 83
What are the prime factors of 2814?
2, 3, 7, 67
What are the prime factors of 904?
2, 113
What are the prime factors of 3772?
2, 23, 41
List the prime factors of 3951.
3, 439
List the prime factors of 2974.
2, 1487
List the prime factors of 2444.
2, 13, 47
What are the prime factors of 4387?
41, 107
What are the prime factors of 72122?
2, 36061
List the prime factors of 59382.
2, 3, 3299
What are the prime factors of 7708?
2, 41, 47
List the prime factors of 16730.
2, 5, 7, 239
List the prime factors of 6201.
3, 13, 53
List the prime factors of 35336.
2, 7, 631
What are the prime factors of 7498?
2, 23, 163
List the prime factors of 25551.
3, 17, 167
List the prime factors of 696.
2, 3, 29
What are the prime factors of 9811?
9811
What are the prime factors of 6513?
3, 13, 167
List the prime factors of 243.
3
List the prime factors of 1321.
1321
What are the prime factors of 1012?
2, 11, 23
What are the prime factors of 47186?
2, 23593
List the prime factors of 1632.
2, 3, 17
List the prime factors of 98834.
2, 49417
What are the prime factors of 843?
3, 281
What are the prime factors of 60953?
60953
What are the prime factors of 524?
2, 131
What are the prime factors of 28794?
2, 3, 4799
List the prime factors of 15407.
7, 31, 71
What are the prime factors of 599?
599
List the prime factors of 1321.
1321
List the prime factors of 44859.
3, 19, 787
List the prime factors of 10059.
3, 7, 479
What are the prime factors of 9059?
9059
List the prime factors of 18202.
2, 19, 479
List the prime factors of 982.
2, 491
List the prime factors of 117008.
2, 71, 103
List the prime factors of 653.
653
List the prime factors of 23372.
2, 5843
What are the prime factors of 5466?
2, 3, 911
What are the prime factors of 8341?
19, 439
List the prime factors of 1549.
1549
What are the prime factors of 18426?
2, 3, 37, 83
List the prime factors of 13427.
29, 463
What are the prime factors of 12780?
2, 3, 5, 71
List the prime factors of 6107.
31, 197
List the prime factors of 4827.
3, 1609
What are the prime factors of 40166?
2, 7, 19, 151
List the prime factors of 28860.
2, 3, 5, 13, 37
List the prime factors of 5501.
5501
List the prime factors of 270.
2, 3, 5
List the prime factors of 10715.
5, 2143
List the prime factors of 83879.
37, 2267
List the prime factors of 56045.
5, 11, 1019
What are the prime factors of 129968?
2, 8123
What are the prime factors of 12442?
2, 6221
List the prime factors of 129.
3, 43
List the prime factors of 178.
2, 89
List the prime factors of 11618.
2, 37, 157
What are the prime factors of 22194?
2, 3, 137
What are the prime factors of 12308?
2, 17, 181
What are the prime factors of 515?
5, 103
What are the prime factors of 27664?
2, 7, 13, 19
List the prime factors of 1136.
2, 71
List the prime factors of 24746.
2, 12373
List the prime factors of 110355.
3, 5, 7, 1051
What are the prime factors of 1933?
1933
What are the prime factors of 2474?
2, 1237
List the prime factors of 7508.
2, 1877
List the prime factors of 42369.
3, 29, 487
List the prime factors of 3001.
3001
What are the prime factors of 1281?
3, 7, 61
List the prime factors of 1452.
2, 3, 11
What are the prime factors of 3495?
3, 5, 233
What are the prime factors of 1241?
17, 73
What are the prime factors of 268?
2, 67
List the prime factors of 8973.
3, 997
List the prime factors of 257.
257
List the prime factors of 19980.
2, 3, 5, 37
List the prime factors of 3391.
3391
What are the prime factors of 1560?
2, 3, 5, 13
List the prime factors of 27971.
83, 337
What are the prime factors of 12237?
3, 4079
List the prime factors of 1244.
2, 311
List the prime factors of 40727.
139, 293
List the prime factors of 3875.
5, 31
List the prime factors of 5058.
2, 3, 281
List the prime factors of 1610.
2, 5, 7, 23
List the prime factors of 158657.
158657
What are the prime factors of 28007?
7, 4001
List the prime factors of 1847.
1847
List the prime factors of 9752.
2, 23, 53
What are the prime factors of 1723?
1723
What are the prime factors of 13021?
29, 449
List the prime factors of 17822.
2, 7, 19, 67
List the prime factors of 14330.
2, 5, 1433
What are the prime factors of 1243?
11, 113
List the prime factors of 22901.
22901
What are the prime factors of 130305?
3, 5, 7, 17, 73
What are the prime factors of 3955?
5, 7, 113
What are the prime factors of 25692?
2, 3, 2141
List the prime factors of 2511.
3, 31
List the prime factors of 36200.
2, 5, 181
What are the prime factors of 34374?
2, 3, 17, 337
What are the prime factors of 37125?
3, 5, 11
What are the prime factors of 11588?
2, 2897
List the prime factors of 1538.
2, 769
List the prime factors of 40108.
2, 37, 271
List the prime factors of 749.
7, 107
List the prime factors of 987.
3, 7, 47
List the prime factors of 602.
2, 7, 43
List the prime factors of 10574.
2, 17, 311
List the prime factors of 7591.
7591
List the prime factors of 33000.
2, 3, 5, 11
What are the prime factors of 5014?
2, 23, 109
What are the prime factors of 596?
2, 149
List the prime factors of 690.
2, 3, 5, 23
What are the prime factors of 2782?
2, 13, 107
What are the prime factors of 18116?
2, 7, 647
List the prime factors of 34784.
2, 1087
What are the prime factors of 257?
257
What are the prime factors of 4773?
3, 37, 43
What are the prime factors of 25696?
2, 11, 73
What are the prime factors of 19183?
19183
List the prime factors of 4184.
2, 523
List the prime factors of 19347.
3, 6449
List the prime factors of 32480.
2, 5, 7, 29
List the prime factors of 36117.
3, 4013
List the prime factors of 959.
7, 137
List the prime factors of 4976.
2, 311
What are the prime factors of 46701?
3, 5189
What are the prime factors of 17288?
2, 2161
What are the prime factors of 836?
2, 11, 19
List the prime factors of 13469.
13469
What are the prime factors of 26827?
139, 193
List the prime factors of 44545.
5, 59, 151
What are the prime factors of 507?
3, 13
List the prime factors of 1965.
3, 5, 131
What are the prime factors of 2488?
2, 311
What are the prime factors of 31119?
3, 11, 23, 41
What are the prime factors of 227?
227
List the prime factors of 30001.
19, 1579
List the prime factors of 41497.
17, 2441
List the prime factors of 6122.
2, 3061
List the prime factors of 5002.
2, 41, 61
What are the prime factors of 1023?
3, 11, 31
List the prime factors of 6142.
2, 37, 83
List the prime factors of 6524.
2, 7, 233
What are the prime factors of 4493?
4493
What are the prime factors of 4013?
4013
What are the prime factors of 118886?
2, 59443
What are the prime factors of 4238?
2, 13, 163
What are the prime factors of 14325?
3, 5, 191
What are the prime factors of 1661?
11, 151
What are the prime factors of 4271?
4271
What are the prime factors of 15954?
2, 3, 2659
What are the prime factors of 3032?
2, 379
What are the prime factors of 3298?
2, 17, 97
What are the prime factors of 1570?
2, 5, 157
List the prime factors of 208.
2, 13
List the prime factors of 55508.
2, 13877
List the prime factors of 695.
5, 139
What are the prime factors of 2558?
2, 1279
What are the prime factors of 83563?
83563
What are the prime factors of 29909?
11, 2719
What are the prime factors of 413?
7, 59
List the prime factors of 456.
2, 3, 19
List the prime factors of 34040.
2, 5, 23, 37
What are the prime factors of 1156?
2, 17
What are the prime factors of 56239?
56239
What are the prime factors of 4843?
29, 167
List the prime factors of 53271.
3, 1973
List the prime factors of 261.
3, 29
What are the prime factors of 89332?
2, 23, 971
List the prime factors of 105690.
2, 3, 5, 13, 271
List the prime factors of 40.
2, 5
List the prime factors of 5852.
2, 7, 11, 19
List the prime factors of 5256.
2, 3, 73
List the prime factors of 585.
3, 5, 13
What are the prime factors of 423?
3, 47
What are the prime factors of 31797?
3, 3533
List the prime factors of 813.
3, 271
What are the prime factors of 8259?
3, 2753
List the prime factors of 21720.
2, 3, 5, 181
List the prime factors of 3844.
2, 31
What are the prime factors of 24808?
2, 7, 443
List the prime factors of 5209.
5209
What are the prime factors of 1908?
2, 3, 53
What are the prime